. Give o(n).
22
Let h(t) = t**3 - 22*t**2 + t + 20. Let a(c) = 2*c**3 - 42*c**2 + 6*c + 42. Let d(u) = 3*a(u) - 5*h(u). What is d(15)?
-4
Let p(x) = -6*x**3 + 7*x - 13. Suppose 4*f - 30 = 4*q - q, f - 19 = -5*q. Determine p(q).
-47
Let w(n) = 15*n + 6. Let f(z) = -127*z - 5843. Let h be f(-46). Determine w(h).
-9
Let z(c) = c**2 + 4*c - 9. Let k(s) = s**3 + 4*s**2 + 19*s + 25. Let p be k(-2). Determine z(p).
-4
Let p(q) be the second derivative of 8*q**2 - 1/6*q**3 + 0 + 1/60*q**5 + 48*q + 1/24*q**4. Let z(h) be the first derivative of p(h). Give z(3).
11
Suppose 193*a - 60 = 712. Let i be (-6)/(-15) - 4/10. Let r be (-2 + i - 1)/(a/(-4)). Let k(x) = 2*x + 3. Determine k(r).
9
Let m be (5 - 0)*18/(-15). Let x(l) = -16858*l + 4 + 8480*l + 8381*l. Give x(m).
-14
Let b(y) be the second derivative of y**3/3 - 2*y**2 + 4*y. Let f(x) = -x**3 + x**2 - 2*x + 30. Let v be f(0). Suppose -40*j = -v*j - 40. Determine b(j).
4
Suppose 0 = 4*y + 8, -13*n + 15*n - 4*y - 14 = 0. Let m(l) = 6 + 18*l + 18*l**2 - n*l**2 - 14*l**2. What is m(-18)?
6
Let r(s) = 11*s + 73. Let m(o) = 11*o + 60. Let f(t) = -4*m(t) + 3*r(t). Determine f(0).
-21
Let i(j) = -j**3 + 4*j**2 + 3*j. Let l(m) = m**2 + 16*m - 25. Let y be l(-9). Let k = -89 - y. Let f be (8 - 3) + 2 + 2/k. Give i(f).
-10
Suppose 0 = -2*r - 4*u + 28, 3*r - 13*u - 33 - 47 = 0. Let x(z) = 20*z - 366. Calculate x(r).
-6
Let d(o) = -o**2 + 8. Let a be (-11)/44*-10*(-6)/(-5). Suppose 2*v = -9*v - a*v. Determine d(v).
8
Let f be -30*(-24)/180*((-9)/(-6) - 3). Let d(k) be the first derivative of -2*k**3/3 - 6*k**2 + k + 2. Give d(f).
1
Suppose -4*x - 4*t = 1 - 17, -t = -5*x - 4. Let r(c) be the second derivative of x + 1/6*c**3 + 15*c + 1/12*c**4 + 3/2*c**2. Give r(0).
3
Let v(w) = -17*w**3 - 24*w**2 - 21*w - 6. Let f(g) = -15*g**3 - 20*g**2 - 20*g - 5. Let u(t) = 9*f(t) - 8*v(t). Calculate u(-13).
-10
Let f = 3 + 41. Suppose -k - f = -46. Let w(v) = -3*v**3 + 4*v**3 + k*v - 2*v**3 - 2 + 2*v**2. What is w(3)?
-5
Let x(z) = z**2 - 34*z + 147. Let r = -5437 + 5442. Give x(r).
2
Let s(g) = 10*g - 163. Suppose 70*x + 66 = 4*p + 68*x, p + 5*x = 22. Let k be s(p). Let b(c) = -c**3 + 8*c**2 - 6*c - 6. Calculate b(k).
1
Let r be (-12)/27 + 94/9. Let i(s) = 5*s**2 + 1 + s**2 - r - 5*s - 5*s**2. Let y(c) = -c**2 - 9*c + 7. Let a be y(-9). Give i(a).
5
Let b = 34 - 31. Suppose 0 = 4*h + k - 11 - 18, 3*h - 3 = b*k. Let w(n) = -2 + 2 + h - 3 + 2*n. Give w(-2).
-1
Suppose 3*b + 17 = -5*m, -19*m + 18 = -17*m - 5*b. Let a(r) = -34*r**3 + r**2 + r + 1. Calculate a(m).
35
Let x(r) = r**2 + 3*r + 2. Let o(z) = 23*z + 92. Let g be o(-4). Suppose -50*f + 44*f = g. Calculate x(f).
2
Let p(x) = -178 - 354*x + 6*x**2 - x**3 + 182 + 347*x. What is p(6)?
-38
Let h(i) = -i**2 + 3*i + 4. Let r be (-30 + -5)*(4/(-2) + 1). Suppose -5*u - r = -12*u. What is h(u)?
-6
Let s(j) be the third derivative of -2*j**4/3 - 13*j**3/2 + 502*j**2. Calculate s(-2).
-7
Let a(x) = x**3 - 18*x**2 - 5*x + 16. Let r(y) = 3*y**3 - 37*y**2 - 7*y + 31. Let w(i) = -5*a(i) + 2*r(i). Calculate w(-15).
42
Suppose -4*o - 10 = o. Let l(z) = -z**2 + 5*z**3 + 1 - 4*z**3 + 0*z**2. Let g(p) = 2*p**3 - 7*p**2 - 3*p + 4. Let h(n) = -g(n) + 4*l(n). Give h(o).
-10
Let d(n) be the second derivative of n**5/20 - 7*n**4/6 + 7*n**3/2 - 15*n**2/2 - n + 5473. Determine d(12).
-51
Let l(o) = -o**2 + 3*o - 2. Suppose -63 - 19 = s. Let w = -72 - s. Let p = -13 + w. Determine l(p).
-20
Let r be 273*(-1)/(-7) - 34. Let x(w) be the third derivative of w**4/12 + w**3/6 + 2*w**2. Calculate x(r).
11
Let s(l) = 3*l**2 - l + 4. Suppose -40*h = -5*a - 36*h + 9, 5*a + h = 4. Give s(a).
6
Let l(a) = 19*a**3 - 4*a**2 + a - 1. Let i(s) = 29*s**3 - 6*s**2 + s. Let w(b) = 2*i(b) - 3*l(b). Let d = -1 + 1. Give w(d).
3
Let x(l) = l**2 + 5*l + 3. Let h(d) = -2*d**2 + 7*d + 12. Let c be h(5). Let m be 3/6 - ((-6)/(-4))/c. Let y be (-4*m - -1) + 0/6. Give x(y).
-3
Let t(a) be the second derivative of a**4/6 - 7*a**3 - 5*a**2/2 + 1545*a. What is t(21)?
-5
Let y be -1*(84/14)/3. Let c(i) = 5*i**2 + 5*i + 1. Give c(y).
11
Let w(d) be the first derivative of 33*d**4/2 - d**3 + d**2/2 + 3*d + 11435. Calculate w(-1).
-67
Let f(r) = -65*r + 312. Let p(u) = -16*u + 78. Let t(m) = 3*f(m) - 13*p(m). Give t(6).
0
Let r(x) = -x**3 - 4*x**2 - x - 3. Suppose -9*q + 71 = 98. Give r(q).
-9
Let v = -61 + 64. Let l(h) = 4*h**2 - 14*h + 15*h + h**v + 13 - 4 + 7*h**2. Determine l(-11).
-2
Let d(k) = -6*k**2 + 24*k - 34. Let p = -22187 - -22189. Give d(p).
-10
Let w(n) be the second derivative of -n**5/30 - 11*n**4/24 - 85*n**3/6 - n**2 + 244*n. Let t(o) be the second derivative of w(o). What is t(8)?
-43
Let u(k) = -5*k**3 + 16*k**2 + 14*k + 4. Let n(d) = 12*d**3 - 31*d**2 - 27*d - 11. Let b(r) = -3*n(r) - 7*u(r). Calculate b(-18).
-13
Let b(n) be the first derivative of -7*n**2/2 + 14*n - 1418. Determine b(7).
-35
Let a(v) = v**3 - 4*v + 3. Let p(o) = -161*o + 3538. Let l be p(22). Let m(n) = n + 8. Let q be m(-6). Let z be 4/(-1)*(q - (-10)/l). Give a(z).
3
Let u(h) = 4*h**2 - 5*h - 4. Let j be u(2). Let m(s) = 0*s**2 + 1 + 12*s + 6*s**j - 15*s. Let c(r) = -r**3 + 4*r**2 - r - 4. Let v be c(3). Calculate m(v).
19
Let j(d) = -d**3 - 3*d**2 + 8*d + 4. Let q = 2404 + -2409. Calculate j(q).
14
Let z(u) be the first derivative of -u**2/2 - u - 6156. Let w be (-144)/14 + (-4)/(-14). Let t be 2 + (-5)/(w/(-12)). What is z(t)?
3
Let c(x) = -5*x**2 + x + 1. Let f(i) = 14*i**2 - 3*i - 2. Let n(o) = -17*c(o) - 6*f(o). Let q(d) = -2*d - 1. Let v(t) = -n(t) - 2*q(t). Give v(4).
3
Suppose 0 = 5*q - 5*n, 2*q + 0*n + 6 = 4*n. Let i(z) = z - 9*z**q - 12*z**3 + 34*z**3 + 7*z**2 - 14*z**3. What is i(7)?
7
Let o(g) be the second derivative of -g**4/12 + 5*g**3/2 + 10*g**2 - 19*g. Let q be o(16). Let r(t) = 3*t**3 - 4*t + 4 - 5*t**2 + 10*t**2 - q*t**3. Give r(4).
4
Suppose i - 19 = -2*a, -5*a + 0*a = -25. Let s be 284*(32/8)/8. Let c(d) = 134*d + s*d + 7 - 275*d. Give c(i).
16
Let c(r) = 1480*r + 1483. Let o be c(-1). Let m(v) = v. Let s(w) = -1. Let k(n) = -m(n) - s(n). What is k(o)?
-2
Let u(s) = 11*s + 189. Let h be u(-17). Let b(l) = -513*l**2 + 255*l**h + 268*l**2 + 2 + l. Determine b(-2).
40
Let x(m) = 9*m + 17*m**2 + 2*m**2 + 29 + 11 + 5*m**3 - 6*m**3 - 29*m. Determine x(18).
4
Let i(q) = -q + 5. Let p(y) = y - 1. Let k be p(-2). Let o be i(k). Let g(w) = -9*w**2 - o*w + 2 + 0 + 26*w**2 - 16*w**2. Calculate g(7).
-5
Let u(g) = -21*g**2 + 4*g**2 - 44 + 94*g - 91*g + 7*g**2 + 11*g**2. Determine u(-9).
10
Let w be ((-6)/7)/((-18)/168) + 10/2. Let s(z) = -2*z**3 + 24*z**2 + 26*z - 11. Calculate s(w).
-11
Suppose 6*h - 42*h = -1980. Let z(q) = q + 8. Let u be z(-6). Let l(c) = -16 - 20 - 21 - u*c + h. What is l(-6)?
10
Let f = 22 + -22. Let z(s) = 1. Let w(y) be the second derivative of y**3/6 + 6*y**2 - 10*y. Let k(p) = -w(p) + 6*z(p). Calculate k(f).
-6
Suppose 2 = 3*z + y, 4*z = 4*y + 13 + 11. Let f(w) = 175 + z*w + w - 178. What is f(3)?
6
Let h(s) = -s**2 - 1. Let t = 48 - 54. Let b be 128/2*(-3)/t. Let l = b + -32. Calculate h(l).
-1
Let h(z) = 2*z**2 - 5034 - 5033 + 10069 + z**2. What is h(0)?
2
Let x = 15 - 24. Let k(g) = -g**3 - 10*g**2 - 12*g - 6. Let r be k(x). Suppose 2*j - 9*j = r. Let v(u) = u**3 + 3*u**2 + 3*u + 4. Give v(j).
-5
Let v(g) = -3*g**2 - 2*g + 1. Suppose 13*w + 3 = -10. Let k be 35/15*-1 + w/(-3). Determine v(k).
-7
Let r(x) = -4*x**3 + x**2 - x + 1. Let s = -195 - -184. Let i(b) = 3*b + 34. Let o be i(s). Give r(o).
-3
Let p be 2/(-3) + (-10)/3. Let z(s) = -7*s**3 - 3*s + 7. Let h(o) = 5*o**3 - o**2 + 3*o - 4. Let m(l) = -4*h(l) - 3*z(l). Calculate m(p).
7
Let i = -160359 - -160358. Let a = 5 - 1. Let m(g) = g + 3 - a - 3*g. Calculate m(i).
1
Suppose 0 = 3*b - 2*j + 134 + 5, 0 = b - j + 46. Let a = b + 50. Let m(t) = 7*t**2 + t - a*t - 8*t**2 + 1. Determine m(-4).
-7
Let a(t) = 4*t + 3. Suppose 23*h = 27*h + 2*z - 2, 5*h - z - 13 = 0. Suppose 4*m + 6*c = 2*c - 16, -3*m + 2*c - h = 0. Give a(m).
-5
Let i be (-1794)/(-16) + 8/(-64). Let p = 107 - i. Let j(s) = -s**3 - 5*s**2 + s - 5. Calculate j(p).
-10
Let h(y) = 0 + 27838*y - 1 + 2 - 27855*y. Suppose -b = b + 8. Let q(k) = k + 3. Let s be q(b). What is h(s)?
18
Let o(l) = -3*l - 29. Let p(f) = -440*f**2 - 5*f - 5. Let r be p(-1). Let c = 428 + r. Determine o(c).
7
